23, -2*h - 1 + 39 = 5*g. Suppose -34 = -5*s - 4*n - g, n = -2*s + 8. List the prime factors of s - (0 - 1 - 0).
3
Let g(v) = -v - 2. Let m(l) = 2*l - 10. Let z be m(8). Let n be g(z). Let k = n + 12. What are the prime factors of k?
2
Let k be 380/(-8)*24/(-10). Suppose -31 = -4*z - w + 50, 5*z - k = 3*w. What are the prime factors of z?
3, 7
Let l be (-11)/(-2)*(-12)/(-6). Let s = l + -15. List the prime factors of 56/10 - s/10.
2, 3
Let u(t) = t**2 - t + 102. List the prime factors of u(0).
2, 3, 17
Suppose 241 = 4*n - 127. What are the prime factors of n?
2, 23
Let a(p) = -p + 1. Let f(y) = -y + 1. Let r(d) = 5*a(d) - 4*f(d). Let v be r(7). Let w(m) = m**3 + 5*m**2 - 6*m + 5. What are the prime factors of w(v)?
5
Suppose -5*o - 2*h + 4*h + 10 = 0, 15 = 3*h. Suppose -o*t - t - 55 = 0. Let l = t - -18. List the prime factors of l.
7
Let o = 10 + -10. Suppose q + 3 + o = 0. What are the prime factors of (1*q)/(-3 + 2)?
3
Let n(w) = -w. Let t be n(-6). Suppose 2*v + t = 44. Let j = -10 + v. List the prime factors of j.
3
Suppose -5*f - b + 1 = 52, -2*f + 4*b - 38 = 0. Let p = f - -16. List the prime factors of p.
5
Suppose -u + 35 = -173. What are the prime factors of u?
2, 13
Let l(a) = a**2 + 5*a - 4. Let r be -4*15/6 + 4. List the prime factors of l(r).
2
Suppose 2*w + 2*w + 3*m = 31, -4*w = -3*m - 25. Let r = w + 7. What are the prime factors of r?
2, 7
Suppose w = -i + 38, w + 64 = 3*w - i. What are the prime factors of w?
2, 17
Let d be 5 + 1 + -3*1. Suppose 0 = d*u - u + 3*f - 69, -5*f - 45 = -2*u. What are the prime factors of 12/(-10)*u/(-4)?
3
Let x be (-2)/7 + (-466)/(-14). Suppose 5*u - x = 77. What are the prime factors of u?
2, 11
Suppose 2*j - 198 = -2*t, 0 = -2*j - j - 5*t + 299. Suppose 26 = -2*i - 4*u, -3*i - 2*i + u = j. Let s = i + 36. List the prime factors of s.
17
Let w be 5/((-15)/6) - -7. Suppose -w*c - 2*a - 6 = 0, 2*a - 12 = 2*c + 2*c. Let x(u) = -u**3 + u**2 - u + 1. What are the prime factors of x(c)?
3, 5
Let v = 26 + -22. Suppose v*c - 102 = 2*c. List the prime factors of c.
3, 17
Suppose -2*f + 10 = 2*q, 2*f - 3*q + 14 = -1. Suppose -s + 2 + 11 = f. List the prime factors of s.
13
Let y(h) = h**2 - 6*h - 1. Suppose -x + 13 = 2*q, q = 5*x + 6*q - 45. Suppose -x - 2 = -a. List the prime factors of y(a).
2, 3
Let j = 5 - 6. List the prime factors of j*-1*(3 - -15).
2, 3
Let k(m) = -2 + 3 - 5 + 4*m + m**2. List the prime factors of k(-7).
17
Let v be (-2 - 0/1)*-1. Suppose s - 3*u + u = 8, -v*s - u + 31 = 0. List the prime factors of s.
2, 7
Suppose 3*i - 75 = -0. What are the prime factors of i?
5
Suppose -3*p = 2*j - 10, 3*j - 3*p - 20 = -j. Let v(f) = -f. Let b(d) = -d**2 + 5*d - 2. Let r(y) = -b(y) - 3*v(y). What are the prime factors of r(j)?
17
List the prime factors of 20/(-70) - (-1656)/14.
2, 59
Let x be ((-3)/2)/(3/(-4)). Suppose -x = -k - k. What are the prime factors of k - 5/(5/(-6))?
7
What are the prime factors of 213/2 + 1 - 3/6?
107
Suppose -4*m + 2 + 6 = 0. Let x(z) = -4 + z**2 - 4 - 3*z + m. What are the prime factors of x(5)?
2
Let j(x) = 2*x**2 + 6*x + 3. What are the prime factors of j(-4)?
11
Suppose -j = -p + 12, -4*p + 37 = 3*j + 3. Suppose -34 = -4*w - p. Suppose -r = -0*r - w. List the prime factors of r.
2, 3
Let z(u) = -8*u + 179. What are the prime factors of z(0)?
179
Let d be (-42)/(2*(-3)/4). Suppose 3*i - 20 = -3*u + d, 2*i - 26 = u. List the prime factors of i.
2, 7
Suppose -5*i + 0 + 15 = 0. Let c be 4/2 + (-4)/2. Suppose c = 2*j - i*m - 19, 40 - 8 = 4*j - 4*m. List the prime factors of j.
5
Let w = 0 - 0. Suppose -6 = -h - w. List the prime factors of h.
2, 3
Suppose 3*p + 4*r + 0 = -5, -r = p. Let v(d) = -d**3 + 5*d**2 + 4. Let w be v(p). Suppose -5*n + 27 = w*f, -5*n + 7 = -2*f - 2. What are the prime factors of f?
3
Let n(c) = c**3 + 8*c**2 + 3*c - 9. Let o be n(-7). Let x = 46 - o. Suppose -2*i + 5*i = x. What are the prime factors of i?
3
Let d be 1*(-3)/(-3)*0. Suppose 2*h - 4 = 2*p, 0 = h - d*p - 2*p. Suppose -3*k = -4*s - 13, -s = k - h - 5. List the prime factors of k.
7
Let z = -68 + 333. List the prime factors of z.
5, 53
Let x = 1 + 1. Let f(z) = -2*z**2 + 3*z**2 + 1 + x - 2*z - 6. What are the prime factors of f(-3)?
2, 3
Let l be (77 - 2)/((-1)/(-3)). Suppose 3*b + l = 5*j, -j - j - 3*b + 111 = 0. List the prime factors of ((-12)/24)/((-1)/j).
2, 3
Let j = -274 + 478. List the prime factors of j.
2, 3, 17
Let p be (0 - 2/(-2)) + 1. Suppose p*t - 6 = -16. List the prime factors of (-26)/(-10) + (-2)/t.
3
Suppose 0 = 3*b + 2*k - 4, 5*b - 5*k + k = -30. Let w be b/7 - (-174)/21. Let a = -2 + w. List the prime factors of a.
2, 3
Let w(i) = 15*i**2 - 4. List the prime factors of w(-3).
131
Suppose -150 = -6*h + h. List the prime factors of (h/4)/(1/2).
3, 5
Let c = -9 - -12. Let x = 1 - c. List the prime factors of -1*-6*x/(-4).
3
Let p(c) = 4*c**2 + c**3 - 4*c**2 + 3 - 4*c. Let j be p(2). Suppose j*a = 5 + 19. What are the prime factors of a?
2
Let r = 122 + -54. List the prime factors of r.
2, 17
Let d be 6/(-12) + (-2)/(-4). Suppose d*f = f - 3. Let p(b) = 2*b - 4. What are the prime factors of p(f)?
2
Let z(b) = -b**3 + b**2 + b - 4. Let w be z(0). Let j(h) = -9*h - 2. List the prime factors of j(w).
2, 17
Let o(a) be the second derivative of a**5 + a**4/12 - a**3/6 + a**2/2 + 6*a. List the prime factors of o(1).
3, 7
Let d be (5 - 2) + 6/3. Suppose -55 = 3*u - d*u - s, -2*s + 81 = 3*u. What are the prime factors of u?
29
Suppose -5*s = -d + 2, -4*s + s - 54 = -5*d. Suppose -v + d = v. List the prime factors of v.
2, 3
Let d be (70/(-6))/(2/(-12)). Let n = d - 30. What are the prime factors of n?
2, 5
Let c = -15 + 21. Suppose c = -2*r + 3*r. What are the prime factors of r?
2, 3
Let q(a) = -a + 9. Let x be q(7). Suppose p + 41 = 5*k, -5*k + x*p = -2*p - 29. Suppose l = 12 + k. List the prime factors of l.
3, 7
Suppose 3*c - 10 = -5*v, -4*c = -c + v - 2. Suppose -3*d - d + 8 = c. What are the prime factors of d?
2
Let d(c) = c + 4. Let b be d(5). Let q(y) = y**3 - 10*y**2 + 12*y - 11. What are the prime factors of q(b)?
2
Let r = 43 + -2. Suppose 3*j = 4*g - r, 5*j + 6 = g - 17. What are the prime factors of (-2)/g - 87/(-12)?
7
Let i(s) be the first derivative of -s**4/24 - s**3/3 - s**2/2 + 1. Let f(d) be the second derivative of i(d). What are the prime factors of f(-4)?
2
Suppose -15*r = -11*r - 272. What are the prime factors of r?
2, 17
Let y(q) = q**3 - 8*q**2 + 8*q - 4. Let s be y(7). Suppose -s*x + 7*x = 44. List the prime factors of 1/3 + x/3.
2
Suppose -4*d = -d. Let c = d + 0. Suppose a - 18 = -n, -a = 4*n - c*a - 75. List the prime factors of n.
19
Suppose -b + 8 = -5*b, 0 = -3*w + 3*b + 9. Let k be 1*(-2)/2*w. List the prime factors of k*1*(3 + -16).
13
Suppose 3*k - 5*k = -12. Let t be (5/(-3))/((-2)/k). Let q = t - -2. List the prime factors of q.
7
Suppose 76 = -a + 3*a. Suppose 5*b = 2*r + 3*b - a, 2*r - 5*b = 23. What are the prime factors of r?
2, 3
Let q(r) = -r**3 - 5*r**2 + 4*r - 1. Let c be q(-6). Let v = 7 - c. Let k = v + 6. List the prime factors of k.
2
Suppose 951 = 13*x - 1155. List the prime factors of x.
2, 3
Let g(w) = -4*w**3 - 2*w**2 + w - 1. List the prime factors of g(-3).
2, 43
Suppose -2*v = 5*d - 24, 3*d - 5*v = 2*d - 6. Suppose k - 20 = -4*k. Suppose -d*f - 4*q + 44 = 0, k*f + 2*q - 46 = -f. What are the prime factors of f?
2
Suppose u = 5*d - 1 - 4, 5*u + d = 1. Suppose u = 2*c - 27 - 53. Suppose a = -4*a + c. List the prime factors of a.
2
Suppose 2*o = -0*l + 4*l + 52, -5*l + 65 = 4*o. What are the prime factors of (o/6)/(1/3)?
2, 5
Let h be ((-8)/(-6) + -2)*-12. Let d(b) = -b**3 + 8*b**2 + 3*b - 5. List the prime factors of d(h).
19
Suppose q + 2*q = 111. What are the prime factors of q?
37
Let w be 2 + (2 - -1)/(-3). Let z = 11 - w. List the prime factors of z.
2, 5
Let g(v) = 15*v**2 - 9. What are the prime factors of g(3)?
2, 3, 7
Suppose -4*x = n - 384, -n + 78 = 2*x - 116. List the prime factors of x.
5, 19
Suppose u - 4*h - 3 + 21 = 0, 13 = 4*u + h. Suppose s + 17 = u*s. What are the prime factors of s?
17
Let d be -2*1/2*-1. Let r = 1 + d. List the prime factors of r/(7/5 - 1).
5
Let p = -33 + 46. What are the prime factors of p?
13
List the prime factors of (1 - (-12)/(-3)) + 50.
47
Let v(n) = -n**2 - 4*n - 1. 